      {"id":5732,"date":"2026-03-22T12:23:21","date_gmt":"2026-03-22T12:23:21","guid":{"rendered":"https:\/\/evolucionbmp.com\/?post_type=product&#038;p=5732"},"modified":"2026-03-29T17:27:32","modified_gmt":"2026-03-29T17:27:32","slug":"reflector-20w-120o-6500k-85-265v-ip-65","status":"publish","type":"product","link":"https:\/\/evolucionbmp.com\/?product=reflector-20w-120o-6500k-85-265v-ip-65","title":{"rendered":"Reflector 20W 6500K 85-265V IP-65"},"content":{"rendered":"","protected":false},"excerpt":{"rendered":"<ul>\n<li><span data-huuid=\"1349454924405072458\"><strong>Iluminaci\u00f3n de grandes \u00e1reas:<\/strong> Estos reflectores est\u00e1n dise\u00f1ados para emitir un haz de luz amplio e intenso, proporcionando iluminaci\u00f3n uniforme en espacios extensos.<span class=\"pjBG2e\" data-cid=\"b4b096e1-77b7-437d-bc31-9f795a872015\"><span class=\"UV3uM\">\u00a0<\/span><\/span><\/span><\/li>\n<li><span data-huuid=\"1349454924405073120\"><strong>Aplicaciones comunes:<\/strong> Se utilizan habitualmente para mejorar la visibilidad y seguridad en: <\/span>\n<ul data-hveid=\"CCsQAQ\" data-ved=\"2ahUKEwj7zMvYvrOTAxWSVTABHXRMBAcQm_YKegQIKxAB\">\n<li><span data-huuid=\"1349454924405072065\">Entradas de veh\u00edculos y caminos peatonales.<span class=\"pjBG2e\" data-cid=\"dd92c153-fe10-43a9-a7f7-3cceccb1c329\"><span class=\"UV3uM\">\u00a0<\/span><\/span><\/span><br \/>\n<span data-huuid=\"1349454924405072727\">Estacionamientos y exteriores de edificios de oficinas.<span class=\"pjBG2e\" data-cid=\"48ff1dde-aacc-400a-aa6a-fc5d5bb755b0\"><span class=\"UV3uM\">\u00a0<\/span><\/span><\/span><span data-huuid=\"1349454924405073389\">Patios traseros y \u00e1reas recreativas.<span class=\"pjBG2e\" data-cid=\"6885497e-daa4-432f-9d6c-2a959cb68981\"><span class=\"UV3uM\">\u00a0<\/span><\/span><\/span><span data-huuid=\"1349454924405074051\">Sitios de construcci\u00f3n nocturna.<span class=\"pjBG2e\" data-cid=\"b82e2f00-3a0f-4f79-a1e0-3aba4180b481\"><span class=\"UV3uM\">\u00a0<\/span><\/span><\/span><span data-huuid=\"1349454924405074713\">Instalaciones industriales y puertos.<span class=\"pjBG2e\" data-cid=\"486b0f85-6201-48b6-81fd-1fc01c2dfd29\"><span class=\"UV3uM\">\u00a0<\/span><\/span><\/span><span data-huuid=\"1349454924405075375\">Iluminaci\u00f3n de fachadas de edificios o paisajes.<span class=\"pjBG2e\" data-cid=\"c199a200-4141-4529-a255-8a144928bc9a\"><span class=\"UV3uM\">\u00a0<\/span><\/span><\/span><\/p>\n<div class=\"NPrrbc\" data-cid=\"c199a200-4141-4529-a255-8a144928bc9a\" data-uuids=\"1349454924405075375\">\n<div class=\"BMebGe btku5b FR7ZSc OJeuxf\" tabindex=\"0\" role=\"button\" aria-label=\"Ver v\u00ednculos relacionados\" data-hveid=\"CCMQAQ\" data-ved=\"2ahUKEwj7zMvYvrOTAxWSVTABHXRMBAcQ3fYKegQIIxAB\">\n<div class=\"niO4u B6OMee\"><\/div>\n<\/div>\n<\/div>\n<p><span data-huuid=\"1349454924405071941\"><strong>Eficiencia y durabilidad:<\/strong> Utilizan tecnolog\u00eda LED, lo que los hace altamente eficientes energ\u00e9ticamente y con una vida \u00fatil prolongada en comparaci\u00f3n con las bombillas tradicionales.<span class=\"pjBG2e\" data-cid=\"ed2a875d-14c4-4c4e-b201-8ddc463c8f75\"><span class=\"UV3uM\">\u00a0<\/span><\/span><\/span><\/p>\n<div class=\"NPrrbc\" data-cid=\"ed2a875d-14c4-4c4e-b201-8ddc463c8f75\" data-uuids=\"1349454924405071941\">\n<div class=\"BMebGe btku5b FR7ZSc OJeuxf\" tabindex=\"0\" role=\"button\" aria-label=\"Ver v\u00ednculos relacionados\" data-hveid=\"CCAQAQ\" data-ved=\"2ahUKEwj7zMvYvrOTAxWSVTABHXRMBAcQ3fYKegQIIBAB\">\n<div class=\"niO4u B6OMee\"><span class=\"pjBG2e\" data-cid=\"4ddf268b-cca8-47ea-8d3b-24f55a9bf84e\"><span class=\"UV3uM\">\u00a0<\/span><\/span><\/div>\n<\/div>\n<\/div>\n<div class=\"NPrrbc\" data-cid=\"4ddf268b-cca8-47ea-8d3b-24f55a9bf84e\" data-uuids=\"1349454924405072603,1349454924405074982\">\n<div class=\"BMebGe btku5b FR7ZSc OJeuxf\" tabindex=\"0\" role=\"button\" aria-label=\"Ver v\u00ednculos relacionados\" data-hveid=\"CCoQAQ\" data-ved=\"2ahUKEwj7zMvYvrOTAxWSVTABHXRMBAcQ3fYKegQIKhAB\">\n<div class=\"niO4u B6OMee\"><\/div>\n<\/div>\n<\/div>\n<\/li>\n<\/ul>\n<\/li>\n<\/ul>\n","protected":false},"featured_media":5775,"template":"","meta":[],"product_brand":[],"product_cat":[146],"product_tag":[],"class_list":{"0":"post-5732","1":"product","2":"type-product","3":"status-publish","4":"has-post-thumbnail","6":"product_cat-reflectores","8":"first","9":"instock","10":"shipping-taxable","11":"product-type-simple"},"_links":{"self":[{"href":"https:\/\/evolucionbmp.com\/index.php?rest_route=\/wp\/v2\/product\/5732","targetHints":{"allow":["GET"]}}],"collection":[{"href":"https:\/\/evolucionbmp.com\/index.php?rest_route=\/wp\/v2\/product"}],"about":[{"href":"https:\/\/evolucionbmp.com\/index.php?rest_route=\/wp\/v2\/types\/product"}],"wp:featuredmedia":[{"embeddable":true,"href":"https:\/\/evolucionbmp.com\/index.php?rest_route=\/wp\/v2\/media\/5775"}],"wp:attachment":[{"href":"https:\/\/evolucionbmp.com\/index.php?rest_route=%2Fwp%2Fv2%2Fmedia&parent=5732"}],"wp:term":[{"taxonomy":"product_brand","embeddable":true,"href":"https:\/\/evolucionbmp.com\/index.php?rest_route=%2Fwp%2Fv2%2Fproduct_brand&post=5732"},{"taxonomy":"product_cat","embeddable":true,"href":"https:\/\/evolucionbmp.com\/index.php?rest_route=%2Fwp%2Fv2%2Fproduct_cat&post=5732"},{"taxonomy":"product_tag","embeddable":true,"href":"https:\/\/evolucionbmp.com\/index.php?rest_route=%2Fwp%2Fv2%2Fproduct_tag&post=5732"}],"curies":[{"name":"wp","href":"https:\/\/api.w.org\/{rel}","templated":true}]}}