      {"id":5462,"date":"2026-01-25T19:29:06","date_gmt":"2026-01-25T19:29:06","guid":{"rendered":"https:\/\/evolucionbmp.com\/?post_type=product&#038;p=5462"},"modified":"2026-01-25T19:29:06","modified_gmt":"2026-01-25T19:29:06","slug":"sensor-de-movimiento-sr017-360o-12-mt","status":"publish","type":"product","link":"https:\/\/evolucionbmp.com\/?product=sensor-de-movimiento-sr017-360o-12-mt","title":{"rendered":"Sensor de movimiento SR017 360\u00ba 12 mt"},"content":{"rendered":"<h3 data-path-to-node=\"2\">\u00bfPara qu\u00e9 sirve?<\/h3>\n<p data-path-to-node=\"3\">Su funci\u00f3n principal es el control autom\u00e1tico de iluminaci\u00f3n o sistemas de seguridad. Al detectar el calor corporal en movimiento, cierra un circuito interno que enciende las luces y las mantiene activas mientras sienta presencia, apag\u00e1ndolas autom\u00e1ticamente despu\u00e9s de un tiempo programado.<\/p>\n<h4 data-path-to-node=\"4\">Capacidades clave:<\/h4>\n<ul data-path-to-node=\"5\">\n<li>\n<p data-path-to-node=\"5,0,0\"><b data-path-to-node=\"5,0,0\" data-index-in-node=\"0\"><span class=\"citation-42\">Cobertura total:<\/span><\/b><span class=\"citation-42\"> \u00c1ngulo de detecci\u00f3n de <\/span><b data-path-to-node=\"5,0,0\" data-index-in-node=\"40\"><span class=\"citation-42\">360\u00b0<\/span><\/b><span class=\"citation-42 citation-end-42\">, ideal para el centro de una habitaci\u00f3n.<\/span><\/p>\n<div class=\"source-inline-chip-container ng-star-inserted\"><\/div>\n<\/li>\n<li>\n<p data-path-to-node=\"5,1,0\"><b data-path-to-node=\"5,1,0\" data-index-in-node=\"0\"><span class=\"citation-41\">Rango de 12 metros:<\/span><\/b><span class=\"citation-41\"> Ofrece una detecci\u00f3n de hasta <\/span><b data-path-to-node=\"5,1,0\" data-index-in-node=\"50\"><span class=\"citation-41\">12 metros de di\u00e1metro<\/span><\/b><span class=\"citation-41 citation-end-41\"> (6 metros de radio en todas las direcciones).<\/span><\/p>\n<div class=\"source-inline-chip-container ng-star-inserted\"><\/div>\n<\/li>\n<li>\n<p data-path-to-node=\"5,2,0\"><b data-path-to-node=\"5,2,0\" data-index-in-node=\"0\">Detecci\u00f3n Multi-Lente:<\/b> Algunos modelos SR017 cuentan con &#8220;triple sensor&#8221; o lentes fresnel mejoradas para evitar puntos ciegos dentro de su radio.<\/p>\n<\/li>\n<\/ul>\n<hr data-path-to-node=\"6\" \/>\n<h3 data-path-to-node=\"7\">Caracter\u00edsticas de Uso<\/h3>\n<div class=\"horizontal-scroll-wrapper\">\n<div class=\"table-block-component\">\n<div class=\"table-block has-export-button\">\n<div class=\"table-content not-end-of-paragraph\" data-hveid=\"0\" data-ved=\"0CAAQ3ecQahgKEwje7sX8gKeSAxUAAAAAHQAAAAAQzwE\">\n<table data-path-to-node=\"8\">\n<thead>\n<tr>\n<td><span data-path-to-node=\"8,0,0,0\">Par\u00e1metro<\/span><\/td>\n<td><span data-path-to-node=\"8,0,1,0\">Detalle T\u00e9cnico<\/span><\/td>\n<\/tr>\n<\/thead>\n<tbody>\n<tr>\n<td><span data-path-to-node=\"8,1,0,0\"><b data-path-to-node=\"8,1,0,0\" data-index-in-node=\"0\">Instalaci\u00f3n<\/b><\/span><\/td>\n<td><span data-path-to-node=\"8,1,1,0\">Superficie (sobrepuesto en techo o drywall).<\/span><\/td>\n<\/tr>\n<tr>\n<td><span data-path-to-node=\"8,2,0,0\"><b data-path-to-node=\"8,2,0,0\" data-index-in-node=\"0\">Altura recomendada<\/b><\/span><\/td>\n<td><span data-path-to-node=\"8,2,1,0\">Entre <b data-path-to-node=\"8,2,1,0\" data-index-in-node=\"6\">2.2 y 4 metros<\/b>.<\/span><\/td>\n<\/tr>\n<tr>\n<td><span data-path-to-node=\"8,3,0,0\"><b data-path-to-node=\"8,3,0,0\" data-index-in-node=\"0\">Carga m\u00e1xima<\/b><\/span><\/td>\n<td><span data-path-to-node=\"8,3,1,0\">Hasta <b data-path-to-node=\"8,3,1,0\" data-index-in-node=\"6\">1200W<\/b> (Incandescente) \/ <b data-path-to-node=\"8,3,1,0\" data-index-in-node=\"30\">300W<\/b> (LED).<\/span><\/td>\n<\/tr>\n<tr>\n<td><span data-path-to-node=\"8,4,0,0\"><b data-path-to-node=\"8,4,0,0\" data-index-in-node=\"0\">Ajuste de Tiempo<\/b><\/span><\/td>\n<td><span data-path-to-node=\"8,4,1,0\">Desde <b data-path-to-node=\"8,4,1,0\" data-index-in-node=\"6\">10 segundos hasta 7-15 minutos<\/b>.<\/span><\/td>\n<\/tr>\n<tr>\n<td><span data-path-to-node=\"8,5,0,0\"><b data-path-to-node=\"8,5,0,0\" data-index-in-node=\"0\">Ajuste de Luz (Lux)<\/b><\/span><\/td>\n<td><span data-path-to-node=\"8,5,1,0\">De 3 a 2000 Lux (puedes elegir que no prenda si hay luz solar)<\/span><\/td>\n<\/tr>\n<\/tbody>\n<\/table>\n<\/div>\n<\/div>\n<\/div>\n<\/div>\n","protected":false},"excerpt":{"rendered":"<p>El <b data-path-to-node=\"0\" data-index-in-node=\"3\">SR017<\/b> es un sensor de movimiento de <b data-path-to-node=\"0\" data-index-in-node=\"39\">tecnolog\u00eda infrarroja pasiva (PIR)<\/b> dise\u00f1ado para instalarse en el techo (superficie). A diferencia del modelo ES-P17A que es empotrable y de corto alcance, el SR017 es un modelo de <b data-path-to-node=\"0\" data-index-in-node=\"220\">rango intermedio<\/b>, ideal para \u00e1reas que requieren una cobertura m\u00e1s amplia que una habitaci\u00f3n peque\u00f1a, pero no tan extensa como un almac\u00e9n industrial.<\/p>\n","protected":false},"featured_media":5463,"template":"","meta":[],"product_brand":[],"product_cat":[169],"product_tag":[],"class_list":{"0":"post-5462","1":"product","2":"type-product","3":"status-publish","4":"has-post-thumbnail","6":"product_cat-controles","8":"first","9":"instock","10":"shipping-taxable","11":"product-type-simple"},"_links":{"self":[{"href":"https:\/\/evolucionbmp.com\/index.php?rest_route=\/wp\/v2\/product\/5462","targetHints":{"allow":["GET"]}}],"collection":[{"href":"https:\/\/evolucionbmp.com\/index.php?rest_route=\/wp\/v2\/product"}],"about":[{"href":"https:\/\/evolucionbmp.com\/index.php?rest_route=\/wp\/v2\/types\/product"}],"wp:featuredmedia":[{"embeddable":true,"href":"https:\/\/evolucionbmp.com\/index.php?rest_route=\/wp\/v2\/media\/5463"}],"wp:attachment":[{"href":"https:\/\/evolucionbmp.com\/index.php?rest_route=%2Fwp%2Fv2%2Fmedia&parent=5462"}],"wp:term":[{"taxonomy":"product_brand","embeddable":true,"href":"https:\/\/evolucionbmp.com\/index.php?rest_route=%2Fwp%2Fv2%2Fproduct_brand&post=5462"},{"taxonomy":"product_cat","embeddable":true,"href":"https:\/\/evolucionbmp.com\/index.php?rest_route=%2Fwp%2Fv2%2Fproduct_cat&post=5462"},{"taxonomy":"product_tag","embeddable":true,"href":"https:\/\/evolucionbmp.com\/index.php?rest_route=%2Fwp%2Fv2%2Fproduct_tag&post=5462"}],"curies":[{"name":"wp","href":"https:\/\/api.w.org\/{rel}","templated":true}]}}