      {"id":5115,"date":"2026-01-17T13:06:00","date_gmt":"2026-01-17T13:06:00","guid":{"rendered":"https:\/\/evolucionbmp.com\/?post_type=product&#038;p=5115"},"modified":"2026-02-04T00:28:36","modified_gmt":"2026-02-04T00:28:36","slug":"perfil-a00005a07_2-45-plus-negro-klus","status":"publish","type":"product","link":"https:\/\/evolucionbmp.com\/?product=perfil-a00005a07_2-45-plus-negro-klus","title":{"rendered":"Perfil A00005A07_2 45 PLUS negro  KLUS"},"content":{"rendered":"<div id=\"navDescription\" class=\"tab-pane fade show active\" role=\"tabpanel\" aria-labelledby=\"desc-tab\">\n<div class=\"mt-5\">\n<div class=\"pc-info__title\">Aplicaci\u00f3n<\/div>\n<div class=\"pc-info__content\">\n<ul>\n<li>&#8211; muebles, debajo del gabinete e iluminaci\u00f3n decorativa<\/li>\n<\/ul>\n<\/div>\n<div class=\"pc-info__title\">Montaje<\/div>\n<div class=\"pc-info__content\">\n<ul>\n<li>&#8211; a la superficie o suspendido, utilizando accesorios dedicados<\/li>\n<\/ul>\n<\/div>\n<div class=\"pc-info__title\">Informaci\u00f3n adicional<\/div>\n<div class=\"pc-info__content\">\n<ul>\n<li>&#8211; al elegir una longitud diferente de perfiles \/ cubiertas que la disponible en el est\u00e1ndar, tambi\u00e9n debe elegir el servicio de corte en KLU\u015a<\/li>\n<\/ul>\n<\/div>\n<\/div>\n<\/div>\n","protected":false},"excerpt":{"rendered":"<div class=\"col-xxl-6 col-xl-6 col-lg-6 col-md-6 col-sm-12 col-xs-12 col-xxs-12 pc-details-container\">\n<div class=\"pc-container data-container\">\n<div class=\"product-details-description\">\n<ul>\n<li>Instalaci\u00f3n en esquinas<\/li>\n<li>Iluminaci\u00f3n en un \u00e1ngulo de 45\u00b0<\/li>\n<li>Amplia gama de accesorios<\/li>\n<li>Facilidad para crear figuras geom\u00e9tricas<\/li>\n<li>Posibilidad de montar tiras led selladas de la serie 8K<\/li>\n<\/ul>\n<\/div>\n<\/div>\n<\/div>\n","protected":false},"featured_media":5117,"template":"","meta":[],"product_brand":[162],"product_cat":[141],"product_tag":[],"class_list":{"0":"post-5115","1":"product","2":"type-product","3":"status-publish","4":"has-post-thumbnail","6":"product_brand-klus","7":"product_cat-perfile-negro","9":"first","10":"instock","11":"shipping-taxable","12":"product-type-simple"},"_links":{"self":[{"href":"https:\/\/evolucionbmp.com\/index.php?rest_route=\/wp\/v2\/product\/5115","targetHints":{"allow":["GET"]}}],"collection":[{"href":"https:\/\/evolucionbmp.com\/index.php?rest_route=\/wp\/v2\/product"}],"about":[{"href":"https:\/\/evolucionbmp.com\/index.php?rest_route=\/wp\/v2\/types\/product"}],"wp:featuredmedia":[{"embeddable":true,"href":"https:\/\/evolucionbmp.com\/index.php?rest_route=\/wp\/v2\/media\/5117"}],"wp:attachment":[{"href":"https:\/\/evolucionbmp.com\/index.php?rest_route=%2Fwp%2Fv2%2Fmedia&parent=5115"}],"wp:term":[{"taxonomy":"product_brand","embeddable":true,"href":"https:\/\/evolucionbmp.com\/index.php?rest_route=%2Fwp%2Fv2%2Fproduct_brand&post=5115"},{"taxonomy":"product_cat","embeddable":true,"href":"https:\/\/evolucionbmp.com\/index.php?rest_route=%2Fwp%2Fv2%2Fproduct_cat&post=5115"},{"taxonomy":"product_tag","embeddable":true,"href":"https:\/\/evolucionbmp.com\/index.php?rest_route=%2Fwp%2Fv2%2Fproduct_tag&post=5115"}],"curies":[{"name":"wp","href":"https:\/\/api.w.org\/{rel}","templated":true}]}}