      {"id":478,"date":"2025-10-22T10:34:46","date_gmt":"2025-10-22T10:34:46","guid":{"rendered":"https:\/\/prueba.jabutec.com.do\/?product=aplique-cubo-6w-3000k-negro-85-265v-ajustable-lx"},"modified":"2026-02-09T17:35:26","modified_gmt":"2026-02-09T17:35:26","slug":"aplique-cubo-6w-3000k-negro-85-265v-ajustable-lx","status":"publish","type":"product","link":"https:\/\/evolucionbmp.com\/?product=aplique-cubo-6w-3000k-negro-85-265v-ajustable-lx","title":{"rendered":"Aplique 6W 3000K LBD3010B-2X3W cubo BK NEGRO 100-240V IP-65"},"content":{"rendered":"<p><br data-mce-bogus=\"1\"><\/p>\n","protected":false},"excerpt":{"rendered":"<div role=\"heading\" data-animation-nesting=\"\" data-sfc-cp=\"\" data-complete=\"true\" data-processed=\"true\" data-sae=\"\">El aplique de cubo\u00a0<strong class=\"Yjhzub\" data-complete=\"true\" data-processed=\"true\">LBD3010B-2X3W BK<\/strong>\u00a0es una\u00a0<mark class=\"HxTRcb\" data-complete=\"true\" data-sae=\"\">luminaria LED de pared para uso en interiores y\u00a0<strong class=\"Yjhzub\" data-complete=\"true\">exteriores<\/strong>, con una potencia de\u00a0<strong class=\"Yjhzub\" data-complete=\"true\">6W<\/strong>\u00a0y un \u00edndice de protecci\u00f3n\u00a0<strong class=\"Yjhzub\" data-complete=\"true\">IP65<\/strong>\u00a0que lo hace resistente al agua y al polvo<\/mark>. Proyecta una luz c\u00e1lida de\u00a0<strong class=\"Yjhzub\" data-complete=\"true\" data-processed=\"true\">3000K<\/strong>\u00a0y funciona con un voltaje de 100-240V.<span class=\"uJ19be notranslate\" data-wiz-uids=\"CDbZS_j\" data-complete=\"true\" data-processed=\"true\"><span class=\"vKEkVd\" data-animation-atomic=\"\" data-wiz-attrbind=\"class=CDbZS_i\/TKHnVd\" data-sae=\"\">\u00a0<\/span><\/span><\/div>\n<div class=\"otQkpb\" role=\"heading\" data-animation-nesting=\"\" data-sfc-cp=\"\" data-complete=\"true\" data-processed=\"true\" data-sae=\"\">Rese\u00f1as y Opiniones<button class=\"rBl3me\" data-amic=\"true\" data-icl-uuid=\"83d74a29-3d92-4d51-8ef8-9d773434e1f9\" aria-label=\"Ver v\u00ednculos relacionados\" data-wiz-attrbind=\"disabled=CDbZS_2q\/C5gNJc;aria-label=CDbZS_2q\/bOjMyf;class=CDbZS_2q\/UpSNec\" data-ved=\"2ahUKEwia8oSt9auSAxUY4MkDHW_TKpUQye0OegYIAQgJEAA\" data-mce-tabindex=\"0\"><\/button><\/div>\n<div class=\"Y3BBE\" data-sfc-cp=\"\" data-hveid=\"CAEIChAA\" data-complete=\"true\" data-processed=\"true\">Seg\u00fan las opiniones de expertos y usuarios, estos apliques son valorados por su:<button class=\"rBl3me\" data-amic=\"true\" data-icl-uuid=\"4317ef42-cbcf-4acd-a259-3940133fdfb1\" aria-label=\"Ver v\u00ednculos relacionados\" data-wiz-attrbind=\"disabled=CDbZS_2t\/C5gNJc;aria-label=CDbZS_2t\/bOjMyf;class=CDbZS_2t\/UpSNec\" data-ved=\"2ahUKEwia8oSt9auSAxUY4MkDHW_TKpUQye0OegYIAQgKEAE\" data-mce-tabindex=\"0\"><\/button><\/div>\n<ul class=\"KsbFXc U6u95\" data-complete=\"true\" data-processed=\"true\">\n<li data-hveid=\"CAEICxAA\" data-complete=\"true\" data-sae=\"\"><span class=\"T286Pc\" data-sfc-cp=\"\" data-complete=\"true\"><strong class=\"Yjhzub\" data-complete=\"true\">Eficiencia energ\u00e9tica:<\/strong>\u00a0Clasificaci\u00f3n de eficiencia energ\u00e9tica A y tecnolog\u00eda LED integrada que ahorra energ\u00eda.<\/span><\/li>\n<li data-hveid=\"CAEICxAB\" data-complete=\"true\" data-sae=\"\"><span class=\"T286Pc\" data-sfc-cp=\"\" data-complete=\"true\"><strong class=\"Yjhzub\" data-complete=\"true\">Durabilidad:<\/strong>\u00a0Construcci\u00f3n en aluminio y protecci\u00f3n IP65 que garantizan una larga vida \u00fatil, incluso en exteriores expuestos.<\/span><\/li>\n<li data-hveid=\"CAEICxAC\" data-complete=\"true\" data-sae=\"\"><span class=\"T286Pc\" data-sfc-cp=\"\" data-complete=\"true\"><strong class=\"Yjhzub\" data-complete=\"true\">Est\u00e9tica:<\/strong>\u00a0El dise\u00f1o minimalista en forma de cubo y el acabado negro son muy populares para fachadas residenciales y comerciales modernas.<\/span><\/li>\n<li data-hveid=\"CAEICxAD\" data-complete=\"true\" data-sae=\"\"><span class=\"T286Pc\" data-sfc-cp=\"\" data-complete=\"true\"><strong class=\"Yjhzub\" data-complete=\"true\">Instalaci\u00f3n:<\/strong>\u00a0Se considera de f\u00e1cil instalaci\u00f3n, siendo un modelo adosable.<\/span><span class=\"uJ19be notranslate\" data-wiz-uids=\"CDbZS_39\" data-complete=\"true\"><span class=\"vKEkVd\" data-animation-atomic=\"\" data-wiz-attrbind=\"class=CDbZS_38\/TKHnVd\" data-sae=\"\">\u00a0<button class=\"rBl3me\" data-amic=\"true\" data-icl-uuid=\"bca283f9-8972-45de-ae83-6762b717a64a\" aria-label=\"Ver v\u00ednculos relacionados\" data-wiz-attrbind=\"disabled=CDbZS_38\/C5gNJc;aria-label=CDbZS_38\/bOjMyf;class=CDbZS_38\/UpSNec\" data-ved=\"2ahUKEwia8oSt9auSAxUY4MkDHW_TKpUQye0OegYIAQgLEAQ\" data-mce-tabindex=\"0\"><\/button><\/span><\/span><\/li>\n<\/ul>\n<div class=\"Y3BBE\" data-sfc-cp=\"\" data-hveid=\"CAEIDBAA\" data-complete=\"true\" data-processed=\"true\">Algunos usuarios destacan la funcionalidad del haz de luz ajustable para personalizar la iluminaci\u00f3n decorativa de sus espacios.<span class=\"uJ19be notranslate\" data-wiz-uids=\"CDbZS_3g\" data-complete=\"true\" data-processed=\"true\"><span class=\"vKEkVd\" data-animation-atomic=\"\" data-wiz-attrbind=\"class=CDbZS_3f\/TKHnVd\" data-sae=\"\">\u00a0<\/span><\/span><\/div>\n","protected":false},"featured_media":1115,"template":"","meta":[],"product_brand":[163],"product_cat":[47],"product_tag":[],"class_list":{"0":"post-478","1":"product","2":"type-product","3":"status-publish","4":"has-post-thumbnail","6":"product_brand-roomlux","7":"product_cat-aplique-de-exterior-led","9":"first","10":"instock","11":"shipping-taxable","12":"product-type-simple"},"_links":{"self":[{"href":"https:\/\/evolucionbmp.com\/index.php?rest_route=\/wp\/v2\/product\/478","targetHints":{"allow":["GET"]}}],"collection":[{"href":"https:\/\/evolucionbmp.com\/index.php?rest_route=\/wp\/v2\/product"}],"about":[{"href":"https:\/\/evolucionbmp.com\/index.php?rest_route=\/wp\/v2\/types\/product"}],"wp:featuredmedia":[{"embeddable":true,"href":"https:\/\/evolucionbmp.com\/index.php?rest_route=\/wp\/v2\/media\/1115"}],"wp:attachment":[{"href":"https:\/\/evolucionbmp.com\/index.php?rest_route=%2Fwp%2Fv2%2Fmedia&parent=478"}],"wp:term":[{"taxonomy":"product_brand","embeddable":true,"href":"https:\/\/evolucionbmp.com\/index.php?rest_route=%2Fwp%2Fv2%2Fproduct_brand&post=478"},{"taxonomy":"product_cat","embeddable":true,"href":"https:\/\/evolucionbmp.com\/index.php?rest_route=%2Fwp%2Fv2%2Fproduct_cat&post=478"},{"taxonomy":"product_tag","embeddable":true,"href":"https:\/\/evolucionbmp.com\/index.php?rest_route=%2Fwp%2Fv2%2Fproduct_tag&post=478"}],"curies":[{"name":"wp","href":"https:\/\/api.w.org\/{rel}","templated":true}]}}