      {"id":465,"date":"2025-10-22T10:34:22","date_gmt":"2025-10-22T10:34:22","guid":{"rendered":"https:\/\/prueba.jabutec.com.do\/?product=union-vertical-para-riel-magnetico-de-superficie-s-20-10010070"},"modified":"2026-03-31T18:05:49","modified_gmt":"2026-03-31T18:05:49","slug":"union-vertical-para-riel-magnetico-de-superficie-s-20-10010070","status":"publish","type":"product","link":"https:\/\/evolucionbmp.com\/?product=union-vertical-para-riel-magnetico-de-superficie-s-20-10010070","title":{"rendered":"Uni\u00f3n Vertical para Riel Magn\u00e9tico de Superficie S-20 100*100*70"},"content":{"rendered":"<p><\/p>\n","protected":false},"excerpt":{"rendered":"<p>Uni\u00f3n vertical para conectar rieles magn\u00e9ticos de superficie del sistema S-20. Dimensiones 100x100x70mm. Permite crear \u00e1ngulos en instalaciones verticales.<\/p>\n","protected":false},"featured_media":2075,"template":"","meta":[],"product_brand":[],"product_cat":[112],"product_tag":[],"class_list":{"0":"post-465","1":"product","2":"type-product","3":"status-publish","4":"has-post-thumbnail","6":"product_cat-lampara-magnetica-con-difusor","8":"first","9":"instock","10":"shipping-taxable","11":"product-type-simple"},"_links":{"self":[{"href":"https:\/\/evolucionbmp.com\/index.php?rest_route=\/wp\/v2\/product\/465","targetHints":{"allow":["GET"]}}],"collection":[{"href":"https:\/\/evolucionbmp.com\/index.php?rest_route=\/wp\/v2\/product"}],"about":[{"href":"https:\/\/evolucionbmp.com\/index.php?rest_route=\/wp\/v2\/types\/product"}],"wp:featuredmedia":[{"embeddable":true,"href":"https:\/\/evolucionbmp.com\/index.php?rest_route=\/wp\/v2\/media\/2075"}],"wp:attachment":[{"href":"https:\/\/evolucionbmp.com\/index.php?rest_route=%2Fwp%2Fv2%2Fmedia&parent=465"}],"wp:term":[{"taxonomy":"product_brand","embeddable":true,"href":"https:\/\/evolucionbmp.com\/index.php?rest_route=%2Fwp%2Fv2%2Fproduct_brand&post=465"},{"taxonomy":"product_cat","embeddable":true,"href":"https:\/\/evolucionbmp.com\/index.php?rest_route=%2Fwp%2Fv2%2Fproduct_cat&post=465"},{"taxonomy":"product_tag","embeddable":true,"href":"https:\/\/evolucionbmp.com\/index.php?rest_route=%2Fwp%2Fv2%2Fproduct_tag&post=465"}],"curies":[{"name":"wp","href":"https:\/\/api.w.org\/{rel}","templated":true}]}}