      {"id":2996,"date":"2025-12-01T01:00:41","date_gmt":"2025-12-01T01:00:41","guid":{"rendered":"https:\/\/prueba.jabutec.com.do\/?product=perfil-a08547a_2-jaz-klus-2"},"modified":"2026-02-23T19:15:11","modified_gmt":"2026-02-23T19:15:11","slug":"perfil-a08547a_2-jaz-klus-2","status":"publish","type":"product","link":"https:\/\/evolucionbmp.com\/?product=perfil-a08547a_2-jaz-klus-2","title":{"rendered":"Perfil A18015A_2 LOC-30 KLUS"},"content":{"rendered":"<ul>\n<li style=\"display: table-row; font-size: 1rem;\"><span dir=\"auto\" style=\"vertical-align: inherit;\">Instalaci\u00f3n en esquinas<\/span><\/li>\n<li style=\"display: table-row; font-size: 1rem;\"><span dir=\"auto\" style=\"vertical-align: inherit;\">Enmascaramiento de esquinas<\/span><\/li>\n<li style=\"display: table-row; font-size: 1rem;\"><span dir=\"auto\" style=\"vertical-align: inherit;\">\u00c1ngulo de iluminaci\u00f3n: 30 grados<\/span><\/li>\n<li style=\"display: table-row; font-size: 1rem;\"><span dir=\"auto\" style=\"vertical-align: inherit;\">Espacio para la gesti\u00f3n de cables<\/span><\/li>\n<li style=\"display: table-row; font-size: 1rem;\"><span dir=\"auto\" style=\"vertical-align: inherit;\">F\u00e1cil mantenimiento<\/span><\/li>\n<\/ul>\n<div class=\"pc-info__content\">\n<ul style=\"margin-top: 0px; margin-bottom: 1rem; padding-left: 0px;\">\n<li style=\"font-size: 15px; margin-bottom: 0.25rem;\"><span dir=\"auto\" style=\"vertical-align: inherit;\">\u00a0Iluminaci\u00f3n funcional y bajo armarios<\/span><\/li>\n<\/ul>\n<\/div>\n<div class=\"pc-info__title\"><span dir=\"auto\" style=\"vertical-align: inherit;\">Montaje<\/span><\/div>\n<div class=\"pc-info__content\">\n<ul style=\"margin-top: 0px; margin-bottom: 1rem; padding-left: 0px;\">\n<li style=\"font-size: 15px; margin-bottom: 0.25rem;\"><span dir=\"auto\" style=\"vertical-align: inherit;\">&#8211; a la superficie, utilizando un riel de montaje espec\u00edfico y tornillos seleccionados adecuadamente<\/span><\/li>\n<\/ul>\n<\/div>\n<div class=\"pc-info__title\"><span dir=\"auto\" style=\"vertical-align: inherit;\">Informaci\u00f3n adicional<\/span><\/div>\n<div class=\"pc-info__content\">\n<ul style=\"margin-top: 0px; margin-bottom: 1rem; padding-left: 0px;\">\n<li style=\"font-size: 15px; margin-bottom: 0.25rem;\"><span dir=\"auto\" style=\"vertical-align: inherit;\">&#8211; La tira de montaje se puede utilizar en secciones<\/span><\/li>\n<li style=\"font-size: 15px; margin-bottom: 0.25rem;\"><span dir=\"auto\" style=\"vertical-align: inherit;\">&#8211; Si elige una longitud de perfiles\/cubiertas diferente a la disponible en el est\u00e1ndar, deber\u00e1 elegir adicionalmente el servicio de corte en KLU\u015a<\/span><\/li>\n<\/ul>\n<\/div>\n","protected":false},"excerpt":{"rendered":"<p>Instalaci\u00f3n en esquinas Enmascaramiento de esquinas \u00c1ngulo de iluminaci\u00f3n: 30 grados Espacio para la gesti\u00f3n de cables F\u00e1cil mantenimiento \u00a0Iluminaci\u00f3n funcional y bajo armarios Montaje &#8211; a la superficie, utilizando un riel de montaje espec\u00edfico y tornillos seleccionados adecuadamente Informaci\u00f3n adicional &#8211; La tira de montaje se puede utilizar en secciones &#8211; Si elige una [&hellip;]<\/p>\n","protected":false},"featured_media":5711,"template":"","meta":[],"product_brand":[162],"product_cat":[142],"product_tag":[],"class_list":{"0":"post-2996","1":"product","2":"type-product","3":"status-publish","4":"has-post-thumbnail","6":"product_brand-klus","7":"product_cat-perfiles","9":"first","10":"instock","11":"shipping-taxable","12":"product-type-simple"},"_links":{"self":[{"href":"https:\/\/evolucionbmp.com\/index.php?rest_route=\/wp\/v2\/product\/2996","targetHints":{"allow":["GET"]}}],"collection":[{"href":"https:\/\/evolucionbmp.com\/index.php?rest_route=\/wp\/v2\/product"}],"about":[{"href":"https:\/\/evolucionbmp.com\/index.php?rest_route=\/wp\/v2\/types\/product"}],"wp:featuredmedia":[{"embeddable":true,"href":"https:\/\/evolucionbmp.com\/index.php?rest_route=\/wp\/v2\/media\/5711"}],"wp:attachment":[{"href":"https:\/\/evolucionbmp.com\/index.php?rest_route=%2Fwp%2Fv2%2Fmedia&parent=2996"}],"wp:term":[{"taxonomy":"product_brand","embeddable":true,"href":"https:\/\/evolucionbmp.com\/index.php?rest_route=%2Fwp%2Fv2%2Fproduct_brand&post=2996"},{"taxonomy":"product_cat","embeddable":true,"href":"https:\/\/evolucionbmp.com\/index.php?rest_route=%2Fwp%2Fv2%2Fproduct_cat&post=2996"},{"taxonomy":"product_tag","embeddable":true,"href":"https:\/\/evolucionbmp.com\/index.php?rest_route=%2Fwp%2Fv2%2Fproduct_tag&post=2996"}],"curies":[{"name":"wp","href":"https:\/\/api.w.org\/{rel}","templated":true}]}}