      {"id":2966,"date":"2025-12-01T00:59:06","date_gmt":"2025-12-01T00:59:06","guid":{"rendered":"https:\/\/prueba.jabutec.com.do\/?product=perfil-a08288-a07_2-piko-negro-klus"},"modified":"2026-02-23T19:36:01","modified_gmt":"2026-02-23T19:36:01","slug":"perfil-a08288-a07_2-piko-negro-klus","status":"publish","type":"product","link":"https:\/\/evolucionbmp.com\/?product=perfil-a08288-a07_2-piko-negro-klus","title":{"rendered":"Perfil A08288-A07_2 Piko negro KLUS"},"content":{"rendered":"<p>Perfil A08288-A07_2 Piko negro KLUS<\/p>\n","protected":false},"excerpt":{"rendered":"<div class=\"pc-info__title\">Recomendaci\u00f3n para<\/div>\n<div class=\"pc-info__content\">\n<ul>\n<li><span dir=\"auto\">&#8211; muebles e iluminaci\u00f3n decorativa<\/span><\/li>\n<\/ul>\n<\/div>\n<div class=\"pc-info__title\"><span dir=\"auto\">Montaje<\/span><\/div>\n<div class=\"pc-info__content\">\n<ul>\n<li><span dir=\"auto\">&#8211; a la superficie, suspendido o empotrado, mediante accesorios espec\u00edficos, con cinta adhesiva de doble cara o adhesivo de montaje<\/span><\/li>\n<li><span dir=\"auto\">&#8211; F\u00e1cil montaje y desmontaje mediante encaje a presi\u00f3n.<\/span><\/li>\n<\/ul>\n<\/div>\n<div class=\"pc-info__title\"><span dir=\"auto\">Informaci\u00f3n adicional<\/span><\/div>\n<div class=\"pc-info__content\">\n<ul>\n<li><span dir=\"auto\">&#8211; Para suspender perfiles de tama\u00f1o peque\u00f1o, se recomienda utilizar un alambre con un di\u00e1metro de 0,5 mm.<\/span><\/li>\n<li><span dir=\"auto\">&#8211; Si elige una longitud de perfiles\/cubiertas diferente a la disponible en el est\u00e1ndar, deber\u00e1 elegir adicionalmente el servicio de corte en KLU\u015a<\/span><\/li>\n<\/ul>\n<\/div>\n","protected":false},"featured_media":5160,"template":"","meta":[],"product_brand":[162],"product_cat":[141],"product_tag":[],"class_list":{"0":"post-2966","1":"product","2":"type-product","3":"status-publish","4":"has-post-thumbnail","6":"product_brand-klus","7":"product_cat-perfile-negro","9":"first","10":"instock","11":"shipping-taxable","12":"product-type-simple"},"_links":{"self":[{"href":"https:\/\/evolucionbmp.com\/index.php?rest_route=\/wp\/v2\/product\/2966","targetHints":{"allow":["GET"]}}],"collection":[{"href":"https:\/\/evolucionbmp.com\/index.php?rest_route=\/wp\/v2\/product"}],"about":[{"href":"https:\/\/evolucionbmp.com\/index.php?rest_route=\/wp\/v2\/types\/product"}],"wp:featuredmedia":[{"embeddable":true,"href":"https:\/\/evolucionbmp.com\/index.php?rest_route=\/wp\/v2\/media\/5160"}],"wp:attachment":[{"href":"https:\/\/evolucionbmp.com\/index.php?rest_route=%2Fwp%2Fv2%2Fmedia&parent=2966"}],"wp:term":[{"taxonomy":"product_brand","embeddable":true,"href":"https:\/\/evolucionbmp.com\/index.php?rest_route=%2Fwp%2Fv2%2Fproduct_brand&post=2966"},{"taxonomy":"product_cat","embeddable":true,"href":"https:\/\/evolucionbmp.com\/index.php?rest_route=%2Fwp%2Fv2%2Fproduct_cat&post=2966"},{"taxonomy":"product_tag","embeddable":true,"href":"https:\/\/evolucionbmp.com\/index.php?rest_route=%2Fwp%2Fv2%2Fproduct_tag&post=2966"}],"curies":[{"name":"wp","href":"https:\/\/api.w.org\/{rel}","templated":true}]}}