      {"id":2620,"date":"2025-12-01T00:41:13","date_gmt":"2025-12-01T00:41:13","guid":{"rendered":"https:\/\/prueba.jabutec.com.do\/?product=producto-99"},"modified":"2026-03-31T13:44:03","modified_gmt":"2026-03-31T13:44:03","slug":"producto-99","status":"publish","type":"product","link":"https:\/\/evolucionbmp.com\/?product=producto-99","title":{"rendered":"Lampara Techo Canopy DEF50 50W 6500K 90-250V parqueo"},"content":{"rendered":"<p><br data-mce-bogus=\"1\"><\/p>\n","protected":false},"excerpt":{"rendered":"<h4 id=\"title\" class=\"a-size-large a-spacing-none\"><span id=\"productTitle\" class=\"a-size-large product-title-word-break\">Lampara LED\u00a0 50 W, 6000 lm, 100-277 VAC, certificaci\u00f3n ETL, luz blanca diurna de 6500 K, de superficies impermeable IP65, 12 x 12 pulgadas. L\u00e1mpara LED para estaci\u00f3n de servicio al aire libre, parqueos , almac\u00e9n, \u00e1rea e iluminaci\u00f3n al aire libre, color negro<\/span><\/h4>\n","protected":false},"featured_media":5781,"template":"","meta":[],"product_brand":[],"product_cat":[109,114],"product_tag":[],"class_list":{"0":"post-2620","1":"product","2":"type-product","3":"status-publish","4":"has-post-thumbnail","6":"product_cat-lampara-industral","7":"product_cat-lamparas-de-techo","9":"first","10":"instock","11":"shipping-taxable","12":"product-type-simple"},"_links":{"self":[{"href":"https:\/\/evolucionbmp.com\/index.php?rest_route=\/wp\/v2\/product\/2620","targetHints":{"allow":["GET"]}}],"collection":[{"href":"https:\/\/evolucionbmp.com\/index.php?rest_route=\/wp\/v2\/product"}],"about":[{"href":"https:\/\/evolucionbmp.com\/index.php?rest_route=\/wp\/v2\/types\/product"}],"wp:featuredmedia":[{"embeddable":true,"href":"https:\/\/evolucionbmp.com\/index.php?rest_route=\/wp\/v2\/media\/5781"}],"wp:attachment":[{"href":"https:\/\/evolucionbmp.com\/index.php?rest_route=%2Fwp%2Fv2%2Fmedia&parent=2620"}],"wp:term":[{"taxonomy":"product_brand","embeddable":true,"href":"https:\/\/evolucionbmp.com\/index.php?rest_route=%2Fwp%2Fv2%2Fproduct_brand&post=2620"},{"taxonomy":"product_cat","embeddable":true,"href":"https:\/\/evolucionbmp.com\/index.php?rest_route=%2Fwp%2Fv2%2Fproduct_cat&post=2620"},{"taxonomy":"product_tag","embeddable":true,"href":"https:\/\/evolucionbmp.com\/index.php?rest_route=%2Fwp%2Fv2%2Fproduct_tag&post=2620"}],"curies":[{"name":"wp","href":"https:\/\/api.w.org\/{rel}","templated":true}]}}